5.
7
Calculate the highest common factor of 80725 and 25.
25
Calculate the greatest common divisor of 158 and 13.
1
What is the greatest common divisor of 112 and 80?
16
What is the highest common factor of 3349 and 2758?
197
What is the highest common divisor of 44 and 12?
4
What is the greatest common divisor of 270 and 432?
54
Calculate the highest common divisor of 728 and 14833.
91
What is the highest common factor of 22 and 18502?
22
What is the highest common divisor of 15170 and 555?
185
What is the highest common divisor of 28 and 476?
28
Calculate the highest common factor of 672 and 21.
21
What is the greatest common factor of 392 and 3?
1
What is the highest common divisor of 17 and 459?
17
What is the highest common divisor of 4 and 52?
4
Calculate the highest common divisor of 1068 and 36.
12
Calculate the greatest common factor of 189 and 729.
27
Calculate the greatest common factor of 99 and 209.
11
Calculate the highest common factor of 1 and 11.
1
Calculate the highest common factor of 72 and 180.
36
What is the highest common factor of 43095 and 255?
255
Calculate the highest common factor of 379 and 56092.
379
Calculate the highest common factor of 6094 and 22.
22
Calculate the greatest common factor of 34635 and 15.
15
Calculate the highest common divisor of 624 and 768.
48
Calculate the highest common divisor of 14 and 1043.
7
What is the highest common divisor of 16 and 56?
8
What is the highest common divisor of 17 and 493?
17
Calculate the greatest common factor of 380 and 114.
38
Calculate the highest common factor of 140 and 260.
20
Calculate the highest common factor of 3465 and 35.
35
Calculate the highest common divisor of 3165 and 405.
15
Calculate the highest common factor of 675 and 27.
27
What is the highest common factor of 6327 and 38?
19
What is the highest common divisor of 26 and 9568?
26
Calculate the greatest common factor of 1485 and 770.
55
Calculate the highest common factor of 689 and 13.
13
Calculate the greatest common factor of 14 and 1778.
14
Calculate the highest common divisor of 53 and 3233.
53
What is the greatest common divisor of 336 and 144?
48
Calculate the greatest common divisor of 1281 and 105.
21
Calculate the greatest common divisor of 48 and 192.
48
What is the greatest common divisor of 1650 and 66?
66
Calculate the greatest common divisor of 105 and 2765.
35
Calculate the highest common factor of 11771 and 447.
149
Calculate the highest common divisor of 26 and 546.
26
What is the highest common divisor of 5238 and 486?
54
What is the greatest common divisor of 1675 and 50?
25
What is the highest common divisor of 44 and 308?
44
What is the highest common divisor of 256 and 1472?
64
What is the greatest common factor of 7668 and 284?
284
Calculate the greatest common divisor of 5 and 9.
1
Calculate the greatest common factor of 68 and 119.
17
What is the greatest common divisor of 8 and 484?
4
Calculate the greatest common divisor of 3776 and 295.
59
Calculate the greatest common factor of 252 and 84.
84
Calculate the greatest common divisor of 72 and 252.
36
What is the highest common factor of 60 and 100?
20
What is the highest common divisor of 115 and 445?
5
What is the greatest common factor of 219 and 4453?
73
Calculate the highest common factor of 14328 and 48.
24
What is the greatest common divisor of 6 and 2253?
3
Calculate the highest common factor of 100 and 780.
20
What is the greatest common factor of 820 and 360?
20
Calculate the greatest common divisor of 84 and 44184.
84
Calculate the highest common factor of 110 and 2750.
110
Calculate the highest common factor of 2565 and 171.
171
Calculate the greatest common divisor of 294 and 336.
42
Calculate the greatest common divisor of 133 and 3059.
133
Calculate the greatest common divisor of 21 and 623.
7
What is the highest common divisor of 45798 and 34?
34
Calculate the highest common divisor of 272 and 204.
68
Calculate the greatest common divisor of 29 and 151583.
29
What is the highest common divisor of 54 and 4?
2
Calculate the highest common factor of 1060 and 260.
20
Calculate the highest common divisor of 109 and 18203.
109
What is the greatest common factor of 660 and 15?
15
What is the greatest common factor of 946 and 44?
22
Calculate the highest common divisor of 310 and 496.
62
Calculate the highest common factor of 66 and 4.
2
Calculate the greatest common factor of 15 and 1305.
15
Calculate the greatest common divisor of 960 and 1068.
12
Calculate the highest common factor of 5 and 295.
5
What is the greatest common divisor of 168 and 1512?
168
What is the highest common factor of 366 and 427?
61
Calculate the greatest common divisor of 72 and 1032.
24
Calculate the greatest common factor of 66 and 198.
66
What is the greatest common divisor of 45 and 117?
9
Calculate the highest common divisor of 1617 and 33.
33
What is the greatest common divisor of 36 and 348?
12
What is the greatest common divisor of 15197 and 7?
7
Calculate the greatest common factor of 120 and 490.
10
Calculate the greatest common factor of 166 and 249.
83
Calculate the highest common factor of 1825 and 292.
73
Calculate the highest common divisor of 54 and 702.
54
Calculate the highest common factor of 1542 and 6.
6
Calculate the highest common divisor of 78 and 270.
6
What is the greatest common divisor of 20 and 320?
20
Calculate the highest common divisor of 5 and 755.
5
Calculate the highest common factor of 273 and 663.
39
What is the highest common divisor of 45 and 576?
9
Calculate the highest common factor of 18 and 162.
18
What is the highest common divisor of 14 and 6706?
14
Calculate the greatest common divisor of 874 and 230.
46
What is the greatest common factor of 1632 and 192?
96
Calculate the highest common divisor of 85 and 884.
17
What is the highest common factor of 188 and 141?
47
What is the greatest common divisor of 123 and 5?
1
What is the highest common divisor of 646 and 95?
19
What is the greatest common divisor of 1806 and 9?
3
What is the highest common factor of 105 and 25935?
105
Calculate the greatest common factor of 11 and 3487.
11
What is the greatest common factor of 84 and 24?
12
Calculate the highest common divisor of 26 and 45266.
26
What is the greatest common factor of 4 and 336?
4
Calculate the greatest common divisor of 1702 and 148.
74
What is the greatest common divisor of 28 and 217?
7
What is the greatest common factor of 81 and 1035?
9
What is the highest common divisor of 180 and 24?
12
What is the highest common factor of 12 and 4812?
12
What is the greatest common factor of 392 and 216?
8
Calculate the highest common factor of 19 and 646.
19
What is the highest common factor of 30 and 390?
30
Calculate the highest common factor of 6 and 4386.
6
What is the greatest common divisor of 20 and 1390?
10
Calculate the highest common divisor of 26 and 10.
2
What is the highest common divisor of 1632 and 85?
17
What is the highest common factor of 46 and 4?
2
What is the greatest common divisor of 32 and 14416?
16
Calculate the highest common factor of 79 and 79.
79
Calculate the highest common divisor of 230 and 9315.
115
Calculate the greatest common divisor of 20 and 410.
10
What is the greatest common divisor of 12 and 4668?
12
Calculate the highest common factor of 174 and 42.
6
Calculate the greatest common factor of 243 and 63.
9
Calculate the greatest common divisor of 1118 and 430.
86
Calculate the greatest common divisor of 539 and 294.
49
Calculate the highest common divisor of 320 and 42.
2
Calculate the greatest common factor of 441 and 1176.
147
Calculate the highest common divisor of 32 and 252.
4
What is the highest common divisor of 35 and 469?
7
Calculate the highest common divisor of 299 and 184.
23
Calculate the highest common factor of 9652 and 76.
76
What is the greatest common divisor of 507 and 143?
13
What is the greatest common divisor of 145 and 203?
29
What is the greatest common divisor of 4131 and 162?
81
What is the greatest common divisor of 86 and 2838?
86
What is the greatest common divisor of 22 and 14102?
22
What is the highest common divisor of 3 and 69?
3
Calculate the highest common divisor of 33 and 726.
33
What is the highest common divisor 